 -6 + 1). Let r = o + -6. Calculate the remainder when r is divided by 27.
26
Suppose 2*z - 6 = 2*f + 4, 2*f - 35 = -3*z. Suppose -z*n + 122 = -112. What is the remainder when 86 is divided by n?
8
Let k(h) = 41*h. Let a = 1 + 0. Let q = 517147 + -517134. Calculate the remainder when k(a) is divided by q.
2
Suppose -67*z + 12765 + 1085 = 2460. Calculate the remainder when z is divided by 132.
38
What is the remainder when -2*(3 + -2)*(12 + -1928) is divided by 14?
10
Suppose -2*g + 632 = 2*u, 2*u - 182*g - 632 = -185*g. Calculate the remainder when 981 is divided by u.
33
Let p(l) be the second derivative of l**5/20 - l**4/2 - 13*l**3/6 - 19*l**2/2 - 4*l - 9. What is the remainder when 18 is divided by p(8)?
3
Suppose 6*b - 5*c + 735 = 11*b, -5*b = -4*c - 807. What is the remainder when b is divided by 137?
18
Suppose 216*p = 186*p + 231270. What is the remainder when p is divided by 257?
256
Suppose -4*q = -248 - 164. What is the remainder when (-3100)/(-16) + 1 + 1/4 is divided by q?
92
Let n(c) = -c**2 + 93*c - 1182. Calculate the remainder when n(77) is divided by 41/4 + (-1)/4.
0
Let b be 1*918/(-2)*(-2)/6. Let h = b - 89. Calculate the remainder when 125 is divided by h.
61
Suppose 0 = -2*u + 2*b + 394, 281*b = 3*u + 283*b - 561. Calculate the remainder when 2097 is divided by u.
187
Suppose -7*g = -5*c + 135 + 109, 2*g - 25 = -c. Calculate the remainder when 62009 is divided by c.
38
Suppose 3*s - 767 = 2*p - 546, p = 2. Calculate the remainder when 1187 is divided by s.
62
Let s = -22533 + 24654. Calculate the remainder when s is divided by 59.
56
Suppose 32*i = 46*i - 1960. Let r = -88 + i. What is the remainder when r is divided by 19?
14
Let l(x) = 5*x**3 - 45*x**2 + 12*x - 74. Calculate the remainder when 634 is divided by l(9).
22
Let d be 4/10*-5 + (19 - 1). Suppose -53 = -3*p + 4*f, 3*f + d = -0*p + p. What is the remainder when 34 is divided by p?
15
What is the remainder when 28/(336/180) - -619 is divided by 626?
8
Let x = 77 + -133. Calculate the remainder when 282 is divided by x/(-35)*(-35)/(-14).
2
Suppose 5*i + 31*o = 36*o + 525, -4*o = 4. Calculate the remainder when i is divided by 91.
13
Let x = -202 - -293. Let b = -1 + x. What is the remainder when b is divided by 31?
28
Suppose 21 + 59 = 16*c. Suppose 163 + 77 = c*f. Calculate the remainder when f is divided by 26.
22
Suppose -385*d + 170 = -380*d. Suppose d*l - 15*l = 874. Calculate the remainder when 137 is divided by l.
45
Suppose 14*t - 15*t + 841 = -4*a, -3*t + 2425 = 2*a. What is the remainder when t is divided by 48?
45
Let q(m) = -m**2 + 5*m - 5. Let f(x) = 2*x**2 - 11*x + 11. Let y(i) = -6*f(i) - 11*q(i). Calculate the remainder when 36 is divided by y(7).
2
Let a(r) = r**3 - 5*r**2 - 13*r + 21. What is the remainder when 500 is divided by a(7)?
24
Let d = 3136 + -3107. What is the remainder when 71 is divided by d?
13
Let z be (6/4)/(4 - (-19335)/(-4836)). Suppose 0 = 5*j - 3*g + 69 - z, 4*j - 600 = 5*g. Let y = 2 - -35. Calculate the remainder when j is divided by y.
34
Suppose -4175 = 285*k - 310*k. Calculate the remainder when 385 is divided by k.
51
Let s(f) = 69*f**2. Let m = 1486 + -1074. What is the remainder when m is divided by s(-1)?
67
Suppose 123*j - 28 = 127*j. Let q(x) = 3*x + 43. What is the remainder when 61 is divided by q(j)?
17
Let p(w) = 165*w**2 + 2*w - 5. Calculate the remainder when p(3) is divided by 8.
6
Suppose -12 = 3*c, 10*g - 12*g + 172 = 3*c. What is the remainder when g is divided by 5?
2
Let q(g) = -4*g**2 - 4*g + 5. Let k be q(4). Let z = k + 196. Let s = z - 115. What is the remainder when 6 is divided by s?
0
Let r be (-52)/(-39)*87*(1 + 0). Suppose -2*x + x = -3*z - 265, 2*z + 4*x = -200. Let c = r + z. Calculate the remainder when c is divided by 7.
5
Suppose 2*n = -4*o + 310, -599 = -4*n - 4*o + 3*o. Let q = n + -679. Calculate the remainder when -2*q/12 + (-4)/12 is divided by 18.
16
Suppose -5*x - 2*d = -64, 49 - 3 = 4*x - d. Let i = 160 + -156. Suppose t = i*o + 57 - 142, t + 22 = o. What is the remainder when o is divided by x?
9
Suppose 29*l - 782 = l - 18*l. Calculate the remainder when 150 is divided by l.
14
Let c(u) = -u**2 - 10*u**2 - 41 - 3*u**3 - 2*u - 10*u**2 + 20*u**2. Calculate the remainder when c(-4) is divided by 74.
69
Suppose -3*a + 0*a = -306. What is the remainder when a is divided by -5 + 9 + 27 + -5?
24
Suppose 2*u - u - 6*d = -888, u + 904 = -2*d. Let y = u - -1382. Calculate the remainder when y is divided by 54.
50
Let n(h) = h**3 + 82*h**2 + 84*h + 249. Calculate the remainder when 261 is divided by n(-81).
3
Let f = -2 - -4. Let h(g) = g**2 + 2*g + 1. What is the remainder when h(f) is divided by ((-15)/6)/(50/(-40))?
1
Suppose 0 = g - 0 - 2. Suppose 0 = 5*p - g*k - 80, -2*p + 64 = 2*p - 2*k. Calculate the remainder when 141 is divided by p.
13
What is the remainder when (-2)/(-2)*(175 + 68) is divided by 5?
3
Suppose 87*g = 9789 - 1176. What is the remainder when g is divided by 98?
1
Let o be 2 + -3146 + (5 - 4). Let x = 818 + o. What is the remainder when ((-6)/10)/(-1)*x/(-15) is divided by 16?
13
Let d(p) = 11*p**2 - p. Let l be (-1)/(3/(-204)) - (-1 + 1). Let u = -29 + l. Calculate the remainder when u is divided by d(1).
9
Suppose -18*h - 130 = -c - 14*h, 0 = -3*c + 3*h + 426. Let j = c + -21. What is the remainder when j is divided by 21?
20
Let k = -119 - -170. Let h = k - 48. Calculate the remainder when 25*h - (-6)/2 is divided by 16.
14
Suppose 5*b - 175 = 5*o, 2679*b - 2674*b - 143 = -3*o. What is the remainder when 39 is divided by b?
8
Let n = 8954 + -8931. Calculate the remainder when 1408 is divided by n.
5
Suppose 2033 = 9*i - 3664. Let n = 702 - i. Calculate the remainder when n is divided by 10.
9
Let r = 4224 + -4217. Let z = -11 + 33. Calculate the remainder when z is divided by r.
1
Let u = 29 + -15. Let c = -746 + 755. Suppose 105 = 16*d + c. What is the remainder when u is divided by d?
2
Let n(m) = -39*m - 370. What is the remainder when 2497 is divided by n(-10)?
17
Suppose 0*z = 7*z + 28. Let p(o) = -o**3 - 6*o**2 - 3*o. Let a be p(z). Let u = a - -37. Calculate the remainder when 47 is divided by u.
13
What is the remainder when 12 - -1 - -819*106/159 is divided by 158?
85
Suppose -3*z - 3*p = 42, 0 = -10*z + 7*z - 5*p - 46. What is the remainder when (-7 - (-39)/6)*z is divided by 6?
0
Let m be -60*7/56*-4 + (-6)/(-2). Suppose 0 = -4*w + 3*q + 20, w + 4*q + 5 = -9. Suppose 0 = i + w*i - m. What is the remainder when i is divided by 6?
5
Suppose -2*v - 7162 = -2*g, -17*g - 10733 = -20*g + 5*v. Calculate the remainder when g is divided by 92.
90
What is the remainder when 5*(-18)/45 - -486 is divided by 222?
40
Suppose 177 = 5*t - o, -t + 53 = 2*o + 11. Suppose -239*q + 495 = -230*q. Calculate the remainder when q is divided by t.
19
What is the remainder when 312 is divided by (-8)/(-2*1)*3723/204?
20
Let g(n) = 5*n**3 - 54*n**2 - 5*n - 40. Let q(w) = 2*w**3 - 27*w**2 - 2*w - 20. Let z(b) = 3*g(b) - 7*q(b). What is the remainder when z(-27) is divided by 12?
11
Let x = -11 + 64. Suppose 2 = a + 2. Suppose 2*i = -5*g + 74, a*i - 4 = -2*i. Calculate the remainder when x is divided by g.
11
Suppose w + 1116 = 63*w. Calculate the remainder when (-28)/7 - 20*-2 is divided by w.
0
Let c(k) = -2*k**3 + 16*k**2 - 26*k - 269. What is the remainder when c(-12) is divided by 2893?
17
Suppose -449*j - 9 = -446*j. Let r(t) = -7*t**3 - 10*t**2 - 16*t. What is the remainder when r(j) is divided by 19?
14
Let b be (-155)/(-35) - (-8)/14. Suppose -72 = -b*v - 372. Let s = -53 - v. Calculate the remainder when s is divided by 2.
1
Let r be 16 + -1*(-2 - -4). Suppose 48*z - 19*z = 58. Suppose 30 - r = z*d. What is the remainder when 13 is divided by d?
5
Let x(d) = -2*d**2 - 54*d + 410. Calculate the remainder when 5850 is divided by x(6).
12
Let g(p) = -2*p**3 - 17*p**2 - 23*p - 110. What is the remainder when 114 is divided by g(-8)?
4
Calculate the remainder when 578 - (-16*10/(-20))/(-1) is divided by 30.
16
Let x = -44 - -36. Let q(h) = -6*h - 20. Let z be q(x). Calculate the remainder when -2 + 3 - z/(-2) - -1 is divided by 3.
1
Let q be ((-1)/1)/(19/(-323)). Let n(p) = p**2 - 10*p - 70. What is the remainder when n(q) is divided by 15?
4
Let w be (-3 + 5)*3/6 - 298. L